31 + 81*y**2 - 23*y**2 - 53*y. Suppose -3*g + v = -66, -2*g - v = -2*v - 44. Is o(g) composite?
False
Suppose 8*f = -16*f + 434414 - 123542. Is f prime?
True
Suppose -193*z + 38305939 = -1535823. Is z a composite number?
True
Let u(n) = 15*n + 2*n**3 + 4 - 4*n**2 - n**3 + 15 - 2*n. Is u(11) composite?
False
Is (0 - -5 - 4)*(44961 - 12) prime?
False
Let w = 3968 + -2287. Let h = w - 608. Is h a composite number?
True
Let i = -1299 - -1954. Let b be ((-22)/8)/(4/(1 + i)). Let r = 1308 - b. Is r composite?
False
Let u(p) = -3*p**2 - 3*p - 15. Let f be u(6). Let v = 10 - f. Suppose -590 - v = -3*h. Is h a composite number?
True
Suppose 2*r - 192901 = 5*k, r - 18*k = -20*k + 96473. Is r prime?
False
Is (147 - -238755) + 16 + 1 a composite number?
False
Let t(o) = -o + 10. Let d be t(-34). Suppose 4*x = 8*x - d. Is x a composite number?
False
Let v(u) be the first derivative of 333*u**4/4 - 4*u**3/3 + 3*u - 64. Is v(2) prime?
False
Suppose 0 = -40*h + 35*h + 220. Let w = h - 45. Let i(o) = -89*o**3. Is i(w) a composite number?
False
Suppose -3*k = 4*w - 2*w + 559, -2*k = -10. Let n = w - -405. Is (-11 + n)/(1/3) prime?
False
Let o = 1243 - 1235. Let g = 4 - 2. Suppose -o*p + 2694 = -g*p. Is p a prime number?
True
Suppose 83*g + 3*o = 82*g + 51614, -2*g + o = -103179. Is g composite?
False
Let g(u) = 1967*u - 2089. Is g(108) a composite number?
False
Let y be 6/(-9) - 3712/(-6). Let l = y + -385. Let p = l + -102. Is p composite?
False
Suppose 35*s = 34*s + 14. Suppose -s*u = -30359 - 1743. Is u prime?
True
Let z = 68 - 58. Suppose 2*u + 22 = -3*t, 0 = -5*t - 5*u - 35 - z. Is -3*(t - 100/12) prime?
True
Let z be ((-17)/(-5))/(44/440). Let s(k) = 4*k**3 - 2*k + 3. Let w be s(2). Suppose w*j = z*j - 417. Is j composite?
False
Suppose z = -7 + 12. Let n be ((-130)/195)/(1 + 1390/(-1389)). Suppose 2*o = 2*l - 368, -z*l - 4*o = -7*o - n. Is l composite?
True
Let j = 837 + -833. Suppose 14181 = j*k - 62871. Is k composite?
True
Let i(q) = -67*q**3 - 17*q**2 - 65*q - 1712. Is i(-17) a composite number?
False
Let l be 8/(240/114) + (-8)/10. Suppose i = b + 3095, -4*i + 2*i - l*b + 6205 = 0. Is i prime?
False
Let b(s) = -15*s**3 + 20*s**2 + 14*s + 30. Let t be b(-9). Suppose 0 = -4*d + t - 2879. Is d composite?
True
Let a be 1/(12/(-8))*(-27)/2. Suppose -a*v + 190073 = 4*v. Is v a prime number?
True
Let b(z) = 2592*z - 1358*z - 2 + 2812*z + 3383*z. Is b(1) a prime number?
False
Suppose 2*a + 4*g = 4419 + 2045, -12904 = -4*a - 2*g. Suppose -9*d = -7*d - a. Suppose 5*l - 3*o = 4051, l = -l - 3*o + d. Is l a composite number?
False
Let d be 2/2*(-356)/(-6)*3. Let y = -106 + d. Let f = 334 - y. Is f composite?
True
Let k = -29 - -39. Suppose 5*g - 25 = -k. Suppose -3*t + 2*t = 5*v - 676, g*v + 2819 = 4*t. Is t a prime number?
True
Suppose -3*v + 19121 = m, 4*m = 6*v + 5*m - 38243. Is v composite?
True
Suppose 93*a - 375961 - 3522038 + 41568 = 0. Is a a prime number?
True
Is 389204*((-2)/(-24))/(6/(15 - -3)) a prime number?
True
Let z = -21645 + 12619. Is (-3 + (-10)/(-4))*z a composite number?
False
Suppose -2*t = 1004 - 3908. Let h(v) = v**2 - 37*v + 303. Let o be h(25). Is 1/(o*4/t) prime?
False
Suppose 0 = -4*w + 2*m + 66634 + 37266, w - 25981 = 2*m. Suppose w = -8*u + 27*u. Is u a composite number?
False
Let v(c) = 2*c**2 + 2*c + 4. Let l be v(-2). Suppose 3*z + 5*s = l*z - 3135, -5*s = -20. Is z composite?
False
Let f = -566 - -564. Suppose 5*m - 2*j + 79 + 1 = 0, 64 = -4*m - 2*j. Is 2/(m/6548)*f a prime number?
True
Let p = 101 + -99. Is (1 + 253)/(p/23) a prime number?
False
Let q = -36 + 75. Let b = q - 37. Suppose r = -3*z + 373, -3*r + 7*z - b*z = -1147. Is r a composite number?
False
Let i = 16847 - 11944. Is i a composite number?
False
Suppose -5*m + 172 = 4*s, 3*m - 2*s = s + 87. Let j = m - 59. Is (j/6)/9*-3418 composite?
False
Let f(h) be the second derivative of 5*h**3/6 - 9*h**2/2 + 42*h. Let i be f(4). Let y(c) = -c**3 + 19*c**2 + 10*c - 17. Is y(i) composite?
False
Let h(t) = -17*t + 4. Let u be h(4). Let z = -34 - u. Suppose -z + 611 = s. Is s composite?
True
Suppose o + 5*u - 2*u - 340 = 0, 5*u = -10. Suppose 0 = -5*h + 3*h + 4. Suppose -4*j = 5*x - 1652, h*x + 67 = j - o. Is j a prime number?
False
Suppose -87*z - 647667 + 2068429 = -73*z. Is z a prime number?
True
Suppose -962801 - 857635 = -12*f. Is f a composite number?
False
Let g(l) = -2983*l**3 + 2*l**2 - l - 1. Let j be g(-1). Suppose 6*m = 9333 + j. Is m composite?
False
Let v = 117571 + -68733. Is v prime?
False
Suppose 0 = -7*h + 4*h + 27. Suppose h*v - 8*v - 371 = 0. Suppose -v = -z + 588. Is z a prime number?
False
Suppose 266 = 14*z - 266. Suppose 2*u - 4448 = 2*p, u = 5*p - z + 2274. Is u a prime number?
True
Let a(m) = -160343*m**3 + m**2 + 435*m + 434. Is a(-1) composite?
False
Let h(i) = 3*i + 2. Let c be h(-5). Let m(j) = 41*j - 35*j - 23 + 24 + 5*j**2 - 35*j. Is m(c) a prime number?
True
Suppose 2*g = -49*v + 50*v + 13, 3*g = 2*v + 17. Let s(b) = 1079*b + 70. Is s(g) a prime number?
True
Let z(i) = -331*i**2 - 3*i - 9. Let v be z(-4). Let a = -9436 - v. Let f = a + 8270. Is f prime?
True
Let d(b) = -6*b + 1543. Suppose -3*n + 4*x = -22, -2*x - 13 = -n - 3. Suppose -3 = -2*g + c, -2 = g + n*c + 4. Is d(g) prime?
True
Is (2/(-7))/((-745)/894 + 4461823/5354202) a composite number?
False
Let d(z) = 5253*z**2 - 28*z + 165. Is d(4) composite?
True
Is -3*(65438/(-12) + 145/(-58)) prime?
False
Let d(q) = 3683*q**3 - 27*q**2 + q - 11. Is d(4) prime?
True
Let s(p) = -p**3 - 8*p**2 - 16*p + 22. Let i be s(-14). Suppose -3*n = 3*a + i, -12 = 2*a - 6*a. Let q = 1576 + n. Is q prime?
False
Let a(b) = 156*b**2 + 187*b + 234. Is a(-37) prime?
True
Let c(r) = -33*r**2 - 34. Let p = -9 + 17. Let k be c(p). Let s = k + 3705. Is s a composite number?
False
Let j = -27 - -75. Suppose 8*k + 8 = j. Suppose -k*q + 3021 = 2*i - 136, -2*q + i + 1261 = 0. Is q composite?
False
Let z(i) = 3*i**3 - 2*i - 1. Let u(o) = -3*o**3 + 7*o**2 - 10*o + 45. Let r(b) = u(b) + 2*z(b). Is r(7) a prime number?
False
Let h be (-7460)/(-11) - (-12)/(-66). Let d = 1615 + h. Is d prime?
True
Suppose 0 = -3*y - 3 + 30. Suppose 0 = 3*r + 4*j + 26, 2*r + j + y = -0*r. Is (-17 + r)*1*(2 - 3) composite?
False
Let k = -44 - -48. Suppose -3*n - 3 = -k*f, 4*n - 2*n = 2*f - 4. Let c(h) = -133*h - 32. Is c(n) prime?
False
Suppose -4*d - 3*f = -3 - 14, -2*d + 4*f = 8. Suppose d*z + 10 + 10 = 0. Let t(u) = -4*u**3 + 7*u**2 - 2*u - 17. Is t(z) prime?
True
Let w be -2 + ((-4)/1 - 1). Let p = w - -39. Let t = p - -255. Is t composite?
True
Let r(c) = 186*c**3 + 6*c**2 + 2*c - 7. Let q(a) = 3*a**3 - a**2 + a - 1. Let g(t) = 2*q(t) + r(t). Is g(4) a prime number?
False
Let w be 6/(-4)*(-520)/15*1. Is (-381)/(-2) - (-26)/w a prime number?
True
Suppose 72746 + 2570202 = 44*x. Is x a composite number?
True
Let b = -54 + 59. Suppose 0 = 4*f - 4*s + 4, -b*s + 6 = 2*f - 27. Suppose 0 = f*d + 6*d - 5730. Is d composite?
True
Is 8/32 + (6/(-4) - 3240723/(-12)) prime?
True
Let n(p) = -p**2 + 3*p + 12. Let c be n(5). Suppose -4*w + 72624 = -2*h, 10704 = c*w + 2*h - 25614. Suppose 3*q - 2*s - w = -2*q, q - 3630 = -s. Is q prime?
True
Suppose 60 = -2*z + 60. Suppose -4*o - 3*n + 752 = z, -4*n - 744 = -4*o - 9*n. Is o prime?
True
Let y(d) = 402055*d + 12319. Is y(6) prime?
True
Suppose b - 4*b + 51390 = 0. Let g = -11573 + b. Is g prime?
True
Suppose -209079 = -5*a + y, -2*a - 5*y + 13057 = -70553. Is a a composite number?
True
Let i(g) = 86*g**2 - 18*g + 2451. Is i(35) a prime number?
True
Suppose 0 = 3*i - 6*i + 6. Suppose z - 215 = -3*z - s, z = -i*s + 59. Is ((-2)/1 - -3)*z composite?
False
Let p(o) = -o - 152 + 8 + 7*o - 61 + 18*o**2. Is p(11) prime?
True
Suppose y - x = 9, -y - 2*x = -5*y + 28. Suppose -15541 = -y*a + 28434. Is a prime?
False
Suppose -2*o - 4*c = -29754, -10*c = -2*o - 5*c + 29718. Is o a prime number?
True
Let t(k) = 733687*k**2 - 113*k - 113. Is t(-1) composite?
False
Suppose 4*i - 59 = -27. Suppose i*u + 4 = 10*u. Suppose -u*j + 114 = -10. Is j a prime number?
False
Let b(x) = x**3 - 8*x**2 + 7*x + 3. Let r be b(7). Let n(c) = c - 16*c + 2*c**3 + 3*c**2 + r*c**3 - 4*c**3 + 1. Is n(6) composite?
True
Suppose 4*o - 475*q + 472*q = 2634188, -3*q + 1317094 = 2*o. Is o a composite number?
False
Suppose 0 = 5*h - 701 - 1189